. What is the greatest common divisor of m and 3520?
64
Suppose -3*b + 3*i = -24, 4*i + 38 = -b + 6*b. Suppose -9*d = -b*d. Suppose d = p - 4*p + 33. Calculate the greatest common divisor of 44 and p.
11
Suppose 0 = 2*t + 235 - 61. Let k = t - -469. Suppose 3*h + 3*d - 684 = 0, -3*h - 5*d + k = -308. What is the greatest common divisor of h and 25?
25
Let p = 513 - 492. Suppose -b = b - 3*c, -4*c + 23 = 5*b. What is the highest common divisor of b and p?
3
Let f = -37 + 13. Let t = 45 + f. Calculate the highest common factor of 168 and t.
21
Let h = 52 + -27. Suppose 0 = h*r - 9*r - 4048. What is the highest common factor of 23 and r?
23
Let j = -461 + 920. What is the highest common divisor of j and 27?
27
Suppose 0 = -12*s + 16*s - 1212. Calculate the greatest common factor of 505 and s.
101
Let m(j) = -144*j**3 + j**2 + 24*j + 22. Let c be m(-1). Calculate the highest common factor of 154 and c.
11
Let h = 20 + 5. Suppose 4*k - 39 = -q, k - 5*q = -k + h. Let d(y) = y**2 + 4*y + 5. Let g be d(5). Calculate the highest common factor of g and k.
10
Suppose 17 = 5*m - 28. Suppose 5*l = m + 1. What is the greatest common factor of 18 and l?
2
Let w(y) = -2*y**3 - 4*y**2 + 10*y - 2. Let x be w(-4). Let c(k) = k**2 + 55. Let t be c(0). What is the greatest common factor of x and t?
11
Let n(b) = 2*b + 39. Let z be n(-18). Suppose 0 = -3*a - 3*a. Suppose a = -0*h + 4*h - 48. Calculate the highest common divisor of h and z.
3
Let p = 10 - 14. Let w be p + 5 + (-1 - -5). Suppose 347 - 17 = w*c. What is the highest common factor of c and 6?
6
Let p = -12 - -19. Suppose p*z + 0*z = 441. Let c = 103 - z. Calculate the highest common divisor of c and 5.
5
Suppose -h + 33*h = 2048. What is the greatest common factor of h and 352?
32
Let r(p) = 25*p + 55. Let s be r(-2). Let d(b) = -b**2 - 15*b - 19. Let g be d(-11). What is the highest common factor of g and s?
5
Suppose m + 2 = 4. Suppose 6*p - v = m*p + 84, 3*p - 63 = 2*v. Calculate the greatest common factor of p and 231.
21
Suppose 2*r + 2*a = r + 12, 0 = 5*r - 3*a - 21. Let k(w) = 38*w + 14. Let m be k(r). Let n be 784/36 + 4/18. Calculate the highest common divisor of m and n.
22
Let r = -7 + 7. Suppose r = -4*g + 1 - 9. Let w be 6*(3 - 15/g). What is the highest common factor of w and 7?
7
Suppose 9*p + 44 - 188 = 0. What is the greatest common factor of 88 and p?
8
Let m be 84/8 + 3/2. Suppose 6*w - 2*w = m. Suppose -191 = -w*r - 5*a, -11 = 5*r - 4*a - 317. Calculate the greatest common divisor of 31 and r.
31
Suppose -p + 6 = 4*f - 7, 3*p + 2*f = 29. Calculate the highest common divisor of 423 and p.
9
Let o(l) = -25*l + 471. Let a be o(18). What is the greatest common factor of a and 3?
3
Let z = 135 - 87. Suppose -12 = -12*j + 10*j. Let p(a) = -a**2 + 9*a - 2. Let m be p(j). What is the greatest common divisor of z and m?
16
Suppose 0 = -12*c - 30*c + 42. What is the greatest common factor of 97 and c?
1
Let n = 13 + -21. Let h = 21 - n. What is the highest common divisor of h and 58?
29
Suppose -6*p = -15*p - 54. Let r be p + 30 - (2 + -4). What is the greatest common divisor of 338 and r?
26
Let i be (-13)/((-2)/(-7) + (-72)/224). Calculate the greatest common divisor of i and 13.
13
Suppose -4*w + 50 = -2*o, -w + 4*w + 4*o - 43 = 0. Let f = w - -20. Let p be ((-6)/4)/((-6)/88). What is the greatest common factor of f and p?
11
Let g be ((-117)/12)/(9/(-132)). What is the greatest common divisor of 11 and g?
11
Let w(l) = 2*l**2 + 6*l. Let y be w(-4). Suppose 0 = -3*a + 262 + 35. Suppose a = s + 4*s - b, 3*s = -4*b + 64. Calculate the greatest common factor of y and s.
4
Let r be (4/22 - 10112/(-528))*(-9)/(-6). Suppose 0 = 4*k + 4*g - 906 - 350, 0 = 5*k + 4*g - 1575. What is the greatest common factor of r and k?
29
Let k(l) = -2 + 4*l - 12 + 1 - 19*l. Let u be k(-3). Calculate the greatest common factor of 4 and u.
4
Let h = -12 + 131. Suppose -h = -25*u + 18*u. What is the greatest common divisor of 102 and u?
17
Suppose 5*a - 32 = 3*a. Calculate the highest common factor of 56 and a.
8
Suppose -4*s = -3*s - 21. Let c be (-4166)/(-6) - 12/9. Suppose -2*d = d - c. Calculate the highest common factor of s and d.
21
Let w be 16/(-28)*7/(-2). Suppose 15 = w*j + 11. Calculate the greatest common factor of j and 8.
2
Suppose 6 = 2*g - t, 5*g + 4 - 10 = -2*t. Let v = 2539 + -2534. Calculate the highest common divisor of v and g.
1
Let j(x) = 2*x**2 - 6*x + 913. Let g be j(0). What is the highest common factor of g and 11?
11
Let y = 59 + -66. Let m be (38/6)/(1/(-3)). Let q = y - m. What is the highest common factor of q and 12?
12
Let p be (0 - 4)*88/(-2). Let g be 2/(3/(-24)*-1). Calculate the greatest common divisor of p and g.
16
Let l be -1 - -2 - 2*-1. Let f(p) = 2*p**3 - 3*p - 36 - 46*p**2 + 34 + 43*p**2. Let z be f(l). What is the greatest common divisor of z and 16?
16
Let x(b) = -b**3 + 5*b**2 + 6*b + 8. Let s be x(6). Let y be 6/33 - (-18)/66*58. What is the greatest common divisor of y and s?
8
Suppose -100 - 10 = -11*x. What is the greatest common divisor of x and 90?
10
Let k(d) = d**2 + 4*d + 27. Let q be k(-9). What is the greatest common factor of 90 and q?
18
Let n = 3 - 1. Let u(j) = j**3 - 19*j**2 - 16*j - 20. Let v be u(20). Suppose n*a = -3*a + v. What is the greatest common factor of 132 and a?
12
Suppose s - 3 = -f + 14, -56 = -3*f - 4*s. Let i = -15 - -21. Calculate the greatest common factor of i and f.
6
Let h(m) = m - 15. Let y be h(12). Let l be -3 + (y - -3) - 15. Let g = 0 - l. Calculate the highest common divisor of g and 2.
2
Suppose 0 = 4*s - 3*s - 6. Let q = -137 + 143. What is the greatest common divisor of q and s?
6
Suppose 142*p - 145*p - 2*q + 104 = 0, -4*q = 5*p - 174. What is the greatest common divisor of 187 and p?
17
Suppose 3*d = 2*x - 139, -3*x = -d - 2*d - 216. Calculate the highest common divisor of x and 22.
11
Suppose -168 = -4*a - 3*g, 4*a = 12*g - 11*g + 184. What is the greatest common factor of a and 9?
9
Let f(c) = -c**3 + 17*c**2 - 24*c + 12. Let x = 130 + -116. Let n be f(x). What is the greatest common divisor of 24 and n?
24
Suppose -5*p = 2*y - 245 - 260, -5*p + 510 = 3*y. Suppose 3*d - 2*h = -2*d + 41, 4*d = -h + 38. Calculate the greatest common divisor of d and p.
9
Let k = -276 + 31. Suppose -32 - 98 = v - 3*m, 4*v = -4*m - 600. Let r = v - k. Calculate the highest common divisor of 20 and r.
20
Let z = 6 + -2. Suppose -x - 5*p - 11 = 2, z*x + 4*p + 4 = 0. Suppose 5*w = g - 32, -x*w = -5*g + 31 + 60. What is the highest common factor of g and 187?
17
Suppose -t + 524 - 118 = 0. Calculate the greatest common divisor of t and 14.
14
Let l(j) = -j + 2. Let b be l(-2). Let u be b/4*1/(-1). Let n be (u + 3)/(10/350). What is the greatest common factor of n and 105?
35
Let y be 41 + 62 - 2*(2 + -3). What is the greatest common factor of y and 77?
7
Suppose z + 2 = 13. Let k(i) = i + 12. Let q be k(z). Calculate the highest common factor of 92 and q.
23
Suppose 2*j + a = 177, -5*j + 5*a + 322 = -143. Calculate the highest common factor of 30 and j.
30
Let z(w) = w**3 - 9*w**2 - 3*w + 12. Let u be z(8). Let l = u - -80. What is the greatest common factor of 1 and l?
1
Let n = -202 + 213. What is the greatest common divisor of n and 2629?
11
Let k be 5/1*12/5. Suppose 0 = 5*m - 5*d + 385, 3*m + d = 2*m - 75. Let l = 88 + m. What is the highest common divisor of k and l?
12
Suppose 2*b = z + 84, 2*z = -0*z - 8. Calculate the highest common factor of b and 120.
40
Let d be (318/18 + -5)*(-9)/(-3). Calculate the highest common divisor of 1026 and d.
38
Let o = -7 + 10. Suppose -2*a + a + 81 = -l, 0 = a - o*l - 91. Let h = -52 + a. What is the greatest common divisor of 36 and h?
12
Suppose 64*m = 27*m + 7326. What is the highest common factor of m and 12?
6
Let j(o) = 2*o**2 + 23*o - 14. Let u be j(7). What is the greatest common divisor of 35 and u?
35
Suppose 8*j + 55 = 9*j. Let m be 5/(-20) - 26/(-8). Suppose -m*o + o + 22 = 0. Calculate the highest common divisor of j and o.
11
Suppose 20 = 4*h - 3*o, 4 - 9 = -h + o. Suppose a + h*f = 80, 0 = -a + 5*f + 74 + 26. What is the greatest common divisor of 60 and a?
30
Suppose -5*u - n = -476, -375 = -7*u + 3*u + 5*n. What is the greatest common factor of 570 and u?
95
Suppose -4968 = 37*q -